se s*k - 16 = -k. Let f be k/(-14) + (-153)/(-21). What is the greatest common divisor of f and 14?
7
Let h(r) = -6*r + 4. Let a be h(-1). Let o be 2*((1 - -2) + -1). What is the highest common factor of a and o?
2
Let k(f) = f**3 + 3*f**2 - f - 1. Let g be (-16)/24 + 1/(-3). Let q = g - 2. Let c be k(q). What is the highest common divisor of 2 and c?
2
Let t(z) = -16*z**3 - z - 1. Let y be t(-1). Suppose -3*m + y + 35 = 0. What is the highest common factor of m and 17?
17
Let q be 6*-2*2/(-8). Suppose -q*y + 3 = 21. Let a be (15/(-2))/5*y. Calculate the highest common factor of a and 9.
9
Let r = -2 - -19. Calculate the greatest common divisor of r and 34.
17
Let y be (-2)/(-4) - 414/(-12). What is the greatest common divisor of 105 and y?
35
Let d = 32 - 11. What is the highest common divisor of d and 231?
21
Suppose 80 = 5*j - 0*b - 2*b, -2*j = 3*b - 51. Calculate the highest common factor of 15 and j.
3
Let l = -59 - -32. Let w = -25 - l. Calculate the greatest common factor of 6 and w.
2
Suppose -2*h = -6 - 22. Let c be ((-32)/(-20))/((-2)/(-5)). Suppose -504 = -c*y - 0*y. Calculate the highest common factor of y and h.
14
Suppose d - 5*d + 24 = 0. Let l(v) = 6*v**2 + 6*v. Let f be l(d). Let z be (8/(-3))/((-8)/f). What is the highest common divisor of z and 12?
12
Suppose -41 = -3*d + 4*p, 3*d - 37 = 6*p - 4*p. Suppose -s = -2*u + d, 17 = 4*u - 0*s - s. Calculate the highest common divisor of 15 and u.
3
Suppose q - o + 75 = 6*q, q - 2*o = 15. Calculate the greatest common divisor of q and 75.
15
Let f(q) be the second derivative of q**4/12 + 5*q**3/6 + 3*q**2 + 3*q. Let v be f(-10). Calculate the greatest common divisor of 8 and v.
8
Let v be 12/5 + 2/(-5). Suppose -v*o + 0*o = -30. Suppose -o = -3*f - 3*j, 0 = -f - 3*f - 5*j + 22. What is the highest common factor of 33 and f?
3
Let h(y) = -20*y**3 - y. Let s be h(-2). Let v(f) = -f**2 - 4*f - 1. Let p be v(-3). Suppose 0 = p*a - 4*a + 36. What is the greatest common factor of a and s?
18
Let n be 19/((-21)/(-9) - 2). Suppose -m - w + n = 0, w - 51 = -m + 6*w. Calculate the highest common divisor of m and 84.
28
Let u(c) = 22*c**2 + 3*c. Let b be u(2). Calculate the highest common divisor of b and 141.
47
Suppose i + 122 = 3*t - 4*i, -2*t - 5*i = -48. Calculate the highest common divisor of t and 68.
34
Let j = -50 + 212. Let r(t) = -5*t + 3. Let m be r(-3). What is the greatest common factor of m and j?
18
Let c(k) = 16*k + 8. Suppose 4*s - 24 = -7*y + 3*y, 0 = -4*y - s + 27. Let q be c(y). What is the highest common factor of q and 48?
24
Suppose -40 - 25 = -4*p - w, -2*w = 2*p - 34. Calculate the highest common divisor of p and 40.
8
Let d be (-1 + 1 - -6)/((-3)/(-8)). What is the highest common factor of d and 112?
16
Let d be 264/27 + 8/36. What is the highest common divisor of d and 70?
10
Let r(w) = w**2 + 11*w + 12. Let a be r(-11). What is the greatest common factor of 84 and a?
12
Let l(x) = x**3 - 7*x**2 + 5*x - 6. Let h be l(7). Calculate the greatest common factor of h and 232.
29
Let v(g) = -g**2 + 2*g + 16. Let b be v(5). What is the highest common divisor of 4 and b?
1
Let j(x) = x - 10. Let g be j(16). Calculate the greatest common factor of 15 and g.
3
Let k be 26/10 + (-21)/35. Suppose 5 = k*v - 13. What is the greatest common factor of v and 99?
9
Let d(f) = -7*f + 5. Suppose 0 = -4*n - 3*t - 31, 0*n - 5*n = -t + 15. Let z be d(n). Suppose 89 = 4*p + z. What is the greatest common divisor of 70 and p?
14
Let d(i) = 20*i**2 - 2*i + 1. Suppose 3*v + 8 = 5*v. Let l = v - 3. Let n be d(l). Calculate the highest common factor of 38 and n.
19
Suppose 0 = 3*y - 9, -6*y = i - y - 6. Let m = i + 3. Let l be 4/(-6) - 64/m. Calculate the highest common factor of 40 and l.
10
Let u be 4/(1*1/8). Suppose -2*r + 3*r + 70 = 5*g, -4*g - 5*r + 85 = 0. Suppose -g - 1 = -2*l. What is the highest common factor of l and u?
8
Let q(i) = -i + 24. Let w be q(0). Suppose -4*g - 3*f = 0, -14 = g + 5*f + 3. What is the greatest common divisor of g and w?
3
Let f(k) = -2*k + 6. Let c(a) = a - 7. Let v(u) = -3*c(u) - 4*f(u). Let m be v(5). Suppose 0 = -4*q + 3*q + 55. Calculate the highest common factor of q and m.
11
Suppose 2*k = 6*k - 64. Let p = 6 - 0. Let i = 14 - p. What is the highest common factor of i and k?
8
Suppose 12*a - 108 = 60. Calculate the highest common factor of 7 and a.
7
Let r(y) = -y**3 - 3*y**2 + 7*y - 3. Let l be r(-5). What is the highest common divisor of l and 4?
4
Let m be ((-51)/15 - -1)*5. Let x = 20 + m. Calculate the greatest common factor of x and 12.
4
Let p be ((-72)/45)/(-8) + 79/5. Calculate the highest common divisor of 24 and p.
8
Let k(d) = -d**2 - 24*d + 58. Let v be k(-26). Calculate the highest common factor of 66 and v.
6
Let l = 10 + -2. Let k be (3/(-4))/((-2)/l). Calculate the highest common divisor of k and 6.
3
Suppose -2*i = 23 - 55. Let a be (1/1)/((-5)/(-10)). Calculate the greatest common factor of i and a.
2
Suppose -2*q + 174 = -4*z, -3*q + 234 = -4*z + 7*z. Calculate the highest common divisor of 54 and q.
27
Let m = 57 + -29. Suppose -4*w + g + 16 = 53, g - m = 3*w. Let q = 48 + w. What is the greatest common divisor of 26 and q?
13
Let i = 8 + -5. Suppose -i*m = -8*m + 35. Calculate the highest common divisor of m and 56.
7
Let k(j) = 4*j**2 + 2*j - 2. Let f be k(2). Suppose 0 = -5*s - 28 - 12. Let w be s/(-36) + 104/f. Calculate the greatest common factor of w and 18.
6
Suppose -u + 0*u + 3*d = -23, d - 35 = -5*u. What is the greatest common factor of 88 and u?
8
Let u(l) = -8*l - 9. Let o be u(-6). Let q(n) = n**2 - 10*n + 15. Let f be q(11). Calculate the greatest common divisor of f and o.
13
Let g be (-598)/(-14) + (-10)/14 + 1. What is the greatest common factor of g and 43?
43
Let d(k) = k**2 + 3*k - 6. Let p be d(-5). Suppose -102 = t - p*t. What is the highest common divisor of t and 51?
17
Let c(z) = 4*z**2 - z. Let q(h) = 5*h**2 - h. Let d(t) = 4*c(t) - 3*q(t). Let k be d(-5). Calculate the highest common factor of k and 20.
10
Let y = 12 - 8. Suppose 3*o + 5*z - 62 = 0, -4*o - y*z + 72 = -0*z. Let b = -18 - -53. Calculate the highest common factor of b and o.
7
Suppose -2*v - 11 = -2*j - 7*v, 0 = -2*j - 2*v + 2. Let l = j + 2. Suppose l = c + 40 - 96. Calculate the greatest common factor of 14 and c.
14
Suppose 5*u + 3 = -3*g, 31 = 5*g - 4*u - 1. Calculate the greatest common divisor of g and 12.
4
Suppose -2*i + 30 = -f - 26, -2*f = 4*i - 96. Calculate the greatest common divisor of 2 and i.
2
Let a = -33 - -43. Calculate the highest common divisor of 2 and a.
2
Let p be ((-64)/(-3))/(10/45). What is the highest common factor of 32 and p?
32
Let d be (-7)/(42/96)*(-18)/8. Calculate the greatest common factor of d and 48.
12
Let s = -17 + 25. Let u be 8/(-28) + 46/14. Suppose -u*v - 2 = -5. What is the greatest common divisor of s and v?
1
Suppose -2*b + 6*b + 2*g = 64, 2*b - 24 = g. Calculate the greatest common divisor of 8 and b.
2
Suppose 3*p = -2*x + 9, 4*x = 2*x - 4*p + 8. Suppose u - 4 = -u. Let l be (-45)/(-10)*u*2. What is the greatest common divisor of l and x?
6
Let l be (4/(-6))/(5/30). Let v be 0/(l - 0) - -30. What is the highest common divisor of 15 and v?
15
Suppose -o - 109 = -5*i, -4*i + 91 = -5*o - 13. Let c = 13 - -8. What is the highest common factor of c and i?
21
Let j = 44 - 25. Let k = -9 + j. Calculate the greatest common divisor of 4 and k.
2
Suppose -3*v - 4*f + 3*f = -41, -4*f = v - 10. Calculate the highest common factor of 35 and v.
7
Suppose 4*m - 3*h - 15 = 0, -h + 5*h = -20. Suppose m = -7*c + 2*c + 630. Let d = 62 - 44. Calculate the highest common factor of c and d.
18
Let t(n) = -n**3 - 6*n**2 - 9*n + 2. Let i be t(-7). What is the greatest common divisor of 19 and i?
19
Let i(q) = -2*q**2 + 10*q - 2. Suppose -5*o + 6 + 29 = 0. Let a be i(o). Let c = -18 - a. What is the highest common divisor of 18 and c?
6
Suppose 51 - 165 = -5*t - 2*j, 0 = 2*t - j - 51. What is the highest common factor of 24 and t?
24
Let o = 8 + -4. What is the highest common divisor of 1 and o?
1
Let v(n) be the third derivative of -n**5/60 - 3*n**4/8 - 7*n**3/6 + 2*n**2. Let s be v(-5). Calculate the highest common factor of s and 13.
13
Suppose 0 = 4*r + 3*j - 36, 5*r + j = -34 + 90. Let q(h) = 4 + r + h - 2 